{"id":10,"date":"2025-08-25T15:44:22","date_gmt":"2025-08-25T15:44:22","guid":{"rendered":"https:\/\/blog.danimartinezt.com\/?page_id=10"},"modified":"2025-08-25T17:42:47","modified_gmt":"2025-08-25T17:42:47","slug":"practica-1","status":"publish","type":"page","link":"https:\/\/blog.danimartinezt.com\/index.php\/practica-1\/","title":{"rendered":"Practica 1"},"content":{"rendered":"\n<div class=\"wp-block-cover alignfull\" style=\"min-height:100vh;aspect-ratio:unset;\"><img loading=\"lazy\" decoding=\"async\" width=\"1024\" height=\"683\" class=\"wp-block-cover__image-background wp-image-13 size-large\" alt=\"\" src=\"https:\/\/blog.danimartinezt.com\/wp-content\/uploads\/2025\/08\/puesta-de-sol-playa-y-ola-del-mar-1-1024x683.jpg\" data-object-fit=\"cover\" srcset=\"https:\/\/blog.danimartinezt.com\/wp-content\/uploads\/2025\/08\/puesta-de-sol-playa-y-ola-del-mar-1-1024x683.jpg 1024w, https:\/\/blog.danimartinezt.com\/wp-content\/uploads\/2025\/08\/puesta-de-sol-playa-y-ola-del-mar-1-300x200.jpg 300w, https:\/\/blog.danimartinezt.com\/wp-content\/uploads\/2025\/08\/puesta-de-sol-playa-y-ola-del-mar-1-768x512.jpg 768w, https:\/\/blog.danimartinezt.com\/wp-content\/uploads\/2025\/08\/puesta-de-sol-playa-y-ola-del-mar-1-1536x1024.jpg 1536w, https:\/\/blog.danimartinezt.com\/wp-content\/uploads\/2025\/08\/puesta-de-sol-playa-y-ola-del-mar-1.jpg 1920w\" sizes=\"auto, (max-width: 1024px) 100vw, 1024px\" \/><span aria-hidden=\"true\" class=\"wp-block-cover__background has-background-dim\" style=\"background-color:#634931\"><\/span><div class=\"wp-block-cover__inner-container has-global-padding is-layout-constrained wp-block-cover-is-layout-constrained\">\n<p class=\"has-text-align-center is-style-text-display has-base-color has-text-color has-link-color has-manrope-font-family has-xx-large-font-size wp-elements-7152454a8bd8a8881d64dc5a3f51574a is-style-text-display--1\" style=\"margin-right:0;padding-top:0;padding-right:0;padding-bottom:0;padding-left:0;font-style:normal;font-weight:800;text-transform:uppercase\"><strong>Agua de Mar<\/strong><\/p>\n<\/div><\/div>\n\n\n\n<div style=\"height:50px\" aria-hidden=\"true\" class=\"wp-block-spacer\"><\/div>\n\n\n\n<div class=\"wp-block-columns alignwide is-layout-flex wp-container-core-columns-is-layout-28f84493 wp-block-columns-is-layout-flex\">\n<div class=\"wp-block-column is-layout-flow wp-block-column-is-layout-flow\" style=\"flex-basis:66.66%\">\n<figure class=\"wp-block-image aligncenter size-large\"><img loading=\"lazy\" decoding=\"async\" width=\"768\" height=\"1024\" src=\"https:\/\/blog.danimartinezt.com\/wp-content\/uploads\/2025\/08\/disparo-vertical-de-pequenos-peces-de-colores-nadando-alrededor-de-hermosos-corales-bajo-el-mar-768x1024.jpg\" alt=\"\" class=\"wp-image-14\" style=\"aspect-ratio:1;object-fit:cover\" srcset=\"https:\/\/blog.danimartinezt.com\/wp-content\/uploads\/2025\/08\/disparo-vertical-de-pequenos-peces-de-colores-nadando-alrededor-de-hermosos-corales-bajo-el-mar-768x1024.jpg 768w, https:\/\/blog.danimartinezt.com\/wp-content\/uploads\/2025\/08\/disparo-vertical-de-pequenos-peces-de-colores-nadando-alrededor-de-hermosos-corales-bajo-el-mar-225x300.jpg 225w, https:\/\/blog.danimartinezt.com\/wp-content\/uploads\/2025\/08\/disparo-vertical-de-pequenos-peces-de-colores-nadando-alrededor-de-hermosos-corales-bajo-el-mar-1152x1536.jpg 1152w, https:\/\/blog.danimartinezt.com\/wp-content\/uploads\/2025\/08\/disparo-vertical-de-pequenos-peces-de-colores-nadando-alrededor-de-hermosos-corales-bajo-el-mar.jpg 1440w\" sizes=\"auto, (max-width: 768px) 100vw, 768px\" \/><\/figure>\n<\/div>\n\n\n\n<div class=\"wp-block-column is-vertically-aligned-center is-layout-flow wp-block-column-is-layout-flow\" style=\"flex-basis:33.33%\">\n<p class=\"has-text-align-left has-large-font-size\">El agua de mar o agua salada es una disoluci\u00f3n hecha o basada en agua que compone los oc\u00e9anos y mares de la Tierra. Es salada por la concentraci\u00f3n de sales minerales disueltas que contiene, un 3.5&nbsp;%; es decir, en cada litro de agua (1000 gramos) hay 35 gramos de sales disueltas como media. La densidad media en superficie es de 1.025&nbsp;g\/ml, siendo m\u00e1s densa que el agua dulce y el agua pura. A mayor contenido en sal, m\u00e1s bajo es su punto de congelaci\u00f3n, por lo que el agua del mar se convierte en hielo bajo los \u22122&nbsp;\u00b0C, aunque se ha registrado una corriente en la Ant\u00e1rtida a \u22122.6&nbsp;\u00b0C. Los oc\u00e9anos contienen un 97.25&nbsp;% del total de agua que forma la hidrosfera.<\/p>\n<\/div>\n<\/div>\n\n\n\n<div style=\"height:50px\" aria-hidden=\"true\" class=\"wp-block-spacer\"><\/div>\n\n\n\n<h2 class=\"wp-block-heading\">Cont\u00e1ctenos<\/h2>\n\n\n\n<div class=\"wp-block-contact-form-7-contact-form-selector\">\n<div class=\"wpcf7 no-js\" id=\"wpcf7-f20-o1\" lang=\"es-CL\" dir=\"ltr\" data-wpcf7-id=\"20\">\n<div class=\"screen-reader-response\"><p role=\"status\" aria-live=\"polite\" aria-atomic=\"true\"><\/p> <ul><\/ul><\/div>\n<form action=\"\/index.php\/wp-json\/wp\/v2\/pages\/10#wpcf7-f20-o1\" method=\"post\" class=\"wpcf7-form init\" aria-label=\"Formulario de contacto\" novalidate=\"novalidate\" data-status=\"init\">\n<fieldset class=\"hidden-fields-container\"><input type=\"hidden\" name=\"_wpcf7\" value=\"20\" \/><input type=\"hidden\" name=\"_wpcf7_version\" value=\"6.1.1\" \/><input type=\"hidden\" name=\"_wpcf7_locale\" value=\"es_CL\" \/><input type=\"hidden\" name=\"_wpcf7_unit_tag\" value=\"wpcf7-f20-o1\" \/><input type=\"hidden\" name=\"_wpcf7_container_post\" value=\"0\" \/><input type=\"hidden\" name=\"_wpcf7_posted_data_hash\" value=\"\" \/>\n<\/fieldset>\n<p><label> Tu nombre<br \/>\n<span class=\"wpcf7-form-control-wrap\" data-name=\"your-name\"><input size=\"40\" maxlength=\"400\" class=\"wpcf7-form-control wpcf7-text wpcf7-validates-as-required\" autocomplete=\"name\" aria-required=\"true\" aria-invalid=\"false\" value=\"\" type=\"text\" name=\"your-name\" \/><\/span> <\/label>\n<\/p>\n<p><label> Tu correo electr\u00f3nico<br \/>\n<span class=\"wpcf7-form-control-wrap\" data-name=\"your-email\"><input size=\"40\" maxlength=\"400\" class=\"wpcf7-form-control wpcf7-email wpcf7-validates-as-required wpcf7-text wpcf7-validates-as-email\" autocomplete=\"email\" aria-required=\"true\" aria-invalid=\"false\" value=\"\" type=\"email\" name=\"your-email\" \/><\/span> <\/label>\n<\/p>\n<p><label> Asunto<br \/>\n<span class=\"wpcf7-form-control-wrap\" data-name=\"your-subject\"><input size=\"40\" maxlength=\"400\" class=\"wpcf7-form-control wpcf7-text wpcf7-validates-as-required\" aria-required=\"true\" aria-invalid=\"false\" value=\"\" type=\"text\" name=\"your-subject\" \/><\/span> <\/label>\n<\/p>\n<p><label> Tu mensaje (opcional)<br \/>\n<span class=\"wpcf7-form-control-wrap\" data-name=\"your-message\"><textarea cols=\"40\" rows=\"10\" maxlength=\"2000\" class=\"wpcf7-form-control wpcf7-textarea\" aria-invalid=\"false\" name=\"your-message\"><\/textarea><\/span> <\/label>\n<\/p>\n<p><input class=\"wpcf7-form-control wpcf7-submit has-spinner\" type=\"submit\" value=\"Enviar\" \/>\n<\/p><div class=\"wpcf7-response-output\" aria-hidden=\"true\"><\/div>\n<\/form>\n<\/div>\n<\/div>\n\n\n\n<p><\/p>\n","protected":false},"excerpt":{"rendered":"<p>El agua de mar o agua salada es una disoluci\u00f3n hecha o basada en agua que compone los oc\u00e9anos y mares de la Tierra. Es salada por la concentraci\u00f3n de sales minerales disueltas que contiene, un 3.5&nbsp;%; es decir, en cada litro de agua (1000 gramos) hay 35 gramos de sales disueltas como media. La [&hellip;]<\/p>\n","protected":false},"author":2,"featured_media":0,"parent":0,"menu_order":0,"comment_status":"closed","ping_status":"closed","template":"","meta":{"footnotes":""},"class_list":["post-10","page","type-page","status-publish","hentry"],"_links":{"self":[{"href":"https:\/\/blog.danimartinezt.com\/index.php\/wp-json\/wp\/v2\/pages\/10","targetHints":{"allow":["GET"]}}],"collection":[{"href":"https:\/\/blog.danimartinezt.com\/index.php\/wp-json\/wp\/v2\/pages"}],"about":[{"href":"https:\/\/blog.danimartinezt.com\/index.php\/wp-json\/wp\/v2\/types\/page"}],"author":[{"embeddable":true,"href":"https:\/\/blog.danimartinezt.com\/index.php\/wp-json\/wp\/v2\/users\/2"}],"replies":[{"embeddable":true,"href":"https:\/\/blog.danimartinezt.com\/index.php\/wp-json\/wp\/v2\/comments?post=10"}],"version-history":[{"count":11,"href":"https:\/\/blog.danimartinezt.com\/index.php\/wp-json\/wp\/v2\/pages\/10\/revisions"}],"predecessor-version":[{"id":27,"href":"https:\/\/blog.danimartinezt.com\/index.php\/wp-json\/wp\/v2\/pages\/10\/revisions\/27"}],"wp:attachment":[{"href":"https:\/\/blog.danimartinezt.com\/index.php\/wp-json\/wp\/v2\/media?parent=10"}],"curies":[{"name":"wp","href":"https:\/\/api.w.org\/{rel}","templated":true}]}}